rime factors of p?
2
Let d = 6498 - 467. List the prime factors of d.
37, 163
Suppose 8*n = -4*n + 36. What are the prime factors of n/8 + (-70389)/(-648)?
109
Let c = -130 - -136. Suppose 3*q + 6 = c*q. Suppose 4*u + s = -0*u + 961, -u + 249 = q*s. List the prime factors of u.
239
Suppose 3*y - 52348 = -2*g, -3*y + 4*y + g = 17450. What are the prime factors of y?
2, 3, 727
Suppose 12 = -2*j + 4*i, 0*i = -4*j + 3*i + 1. Suppose -t = -v - 501, j*v - 1032 = -0*t - 2*t. List the prime factors of t.
2, 11, 23
Let n be -4477 - ((-6)/6*2 + 0). Suppose 0*g - 4*g = -260. What are the prime factors of (-6)/(-39) - n/g?
3, 23
Suppose 5*a + 512225 + 179081 = 72*a. List the prime factors of a.
2, 7, 11, 67
List the prime factors of -4*2/(-16) - 183441/(-6).
2, 15287
Suppose 0 = 5*l + 5*z - 300, 3*l + 8*z = 3*z + 170. Let r be ((-67)/2 - 9/(-6))*-2. Suppose -m - x = -3*x - r, m = x + l. What are the prime factors of m?
2, 3, 11
Suppose -12*f + 27*f - 51000 = 0. Suppose 5*d - f = 5*a - 1050, 0 = -2*d + 3*a + 943. List the prime factors of d.
467
Let q be 71/(-213) + (0 - 907/(-3)). Let t = q + 266. List the prime factors of t.
2, 71
Suppose -22134 = -3*h + 3*x, -3*x = -1472 + 1493. What are the prime factors of h?
3, 7, 13
Suppose 4*w - 40023 = 2*i + 30605, 70624 = 4*w - 3*i. List the prime factors of w.
17659
Let h = -45893 - -91633. List the prime factors of h.
2, 5, 2287
Suppose -j - 9 = -q, -3*q = -4*j + 2 - 26. Let t be q/(-24) - 326/4. Let y = t - -198. What are the prime factors of y?
2, 29
Let j be (-4 - (70 - 4))/2. Let r = j + 35. Let t(w) = 8*w + 15. What are the prime factors of t(r)?
3, 5
Suppose 14316 = 21*q - 2484. List the prime factors of q.
2, 5
Let y be (-82)/(-11) - (-390)/715. Suppose -3*w + 9 = 0, -y*t + 5*t + w = -1218. List the prime factors of t.
11, 37
Suppose -h + 5*t = -64379, 2*h = -12*t + 17*t + 128718. What are the prime factors of h?
11, 5849
Let g(m) = m**3 + 10*m**2 - m + 7. Let v be g(-5). Suppose 5*w = -4*x - 521, 3*w - x + 162 = -v. Let t = -62 - w. List the prime factors of t.
3, 13
Let t(y) = -36*y - 414. List the prime factors of t(-49).
2, 3, 5
Let m be ((-32)/(-6)*-1)/((-1)/33). Suppose 4*f - m = -i, f - 995 + 115 = -5*i. Let o = i - 95. What are the prime factors of o?
3
Suppose 0 = z + 4*y - 59847, -z + 28*y + 59868 = 29*y. What are the prime factors of z?
5, 479
Let r(w) = 1397*w**3 + 2*w**2 + 159*w - 496. What are the prime factors of r(3)?
2, 18859
Let f(t) = -56*t - 7. Let i be f(-6). Let x = -6086 + 5864. Let m = x + i. List the prime factors of m.
107
What are the prime factors of 14/2 - (273 + -9066)?
2, 5, 11
Suppose 0 = y + 46 - 47. Let o be 32/(-48) + y/(6/(-11168)). List the prime factors of (-2)/11 - o/77.
2, 3
Let g(m) = -10*m**3 + 2*m**2 - 5*m + 3. Let h be g(2). Let p be ((-90)/24)/((-2)/(-24)). Let w = p - h. List the prime factors of w.
2, 17
Suppose 39*i = 34*i + 4*c + 9825, -3*i + 2*c + 5897 = 0. What are the prime factors of i?
11, 179
Let w = -15164 - -25649. List the prime factors of w.
3, 5, 233
Suppose -350 = 3*g - 2*f, -4*g + 3*f - 2*f = 460. Let x be 1114/12 + (-19)/g. Let z = x - -42. What are the prime factors of z?
3, 5
Suppose 0 + 4 = k. Suppose 4*c + 4*i + 176 = -0*c, 5*i - 176 = k*c. Let l = c + 134. List the prime factors of l.
2, 3, 5
Let f(t) = t**3 - 3*t**2 - 17*t - 4. Let w be f(4). What are the prime factors of (w/(-196) - 24/(-14)) + 806?
2, 101
Let f be ((-35)/10)/(3/(-6)). Let d(c) = c**3 - 7*c**2 + c - 3. Let m be d(f). Suppose 5*h + 461 = 3*j, -m*j - 4*h = -j - 452. What are the prime factors of j?
2, 19
Let u be (4 + -2)/((-2)/48*-3). Suppose 21402 = u*n - 3926. List the prime factors of n.
1583
Suppose 2*f + 4*q - 452 = 0, -5*f + q + 885 = -245. Suppose 65 = b + 3*d, -3*d + f = 4*b - 70. What are the prime factors of b?
7, 11
Let a(s) = 4*s**2 - 1. Let m be a(1). Suppose -36 - 447 = -m*o. Suppose o + 87 = 4*f. What are the prime factors of f?
2, 31
Let u(b) = 15*b + 839. Let p be u(0). Let n = -151 + p. What are the prime factors of n?
2, 43
Let k(h) = 145*h**2 + 11*h - 90. List the prime factors of k(-6).
2, 3, 211
Let t(u) = 30*u**2 - 4*u - 34. List the prime factors of t(10).
2, 7, 11, 19
Suppose -7797028 = -469*p + 22445968. What are the prime factors of p?
2, 7, 47
Suppose -30 = -4*y - 2*w, -5*w + 5 = -9*y + 5*y. Suppose -2*u + 958 = 31*n - 33*n, 0 = -y*u + 4*n + 2398. What are the prime factors of u?
2, 241
Let v = 36 + 120. Let c = 25 - -18. Suppose -v - c = -a. What are the prime factors of a?
199
Let w(m) = 3*m - 8. Let f(c) = 4*c - 12. Let n(y) = -5*f(y) + 7*w(y). Let q be n(-2). Suppose 2*z + j = 5*j + 286, 10 = -q*j. What are the prime factors of z?
7, 19
Suppose 4*z - 101*l = -103*l + 18242, -5*l - 13649 = -3*z. List the prime factors of z.
2, 43, 53
Suppose -2948499 = -227*c + 30*c. What are the prime factors of c?
3, 1663
Let p = -4677 - -13446. What are the prime factors of p?
3, 37, 79
Let l be (-128)/(-160) - 138/10. List the prime factors of (l/130*-556)/((-1)/(-20)).
2, 139
Let z(n) = -6*n**2 + 7*n - 12. Let f be z(3). What are the prime factors of f/(-6 - (-115)/20)?
2, 3, 5
Suppose 3946 + 10712 = 14*g. Let u = 1562 - g. What are the prime factors of u?
5, 103
Let m = -420 + 428. List the prime factors of m/28 + ((-38292)/(-42))/1.
2, 3, 19
Suppose -1 = -2*x - o + 4, -4*x + 4*o = -28. Suppose -h + 1036 = g, 4*h + 2096 = x*g - 2*g. What are the prime factors of g?
2, 5, 13
Let y(m) = 204*m**2 + 4*m - 3. Let p be y(1). Suppose 23*k = 18*k + 25. Suppose -1113 = -5*v - 3*t, -v - k*t + 0*t + p = 0. What are the prime factors of v?
3, 5
Suppose -2*o + 71 = -87. Let m be -1 + -2 - (-15 - 4). Suppose -z + o - m = 0. List the prime factors of z.
3, 7
Let i(n) = 53*n**3 - 3*n**2 - 28*n + 7. What are the prime factors of i(5)?
3, 23, 31
Let b(g) = -9*g**3 + g**2 + g - 4. Suppose 5*x - 13 - 2 = 0. Suppose 2 = -x*p - 4. What are the prime factors of b(p)?
2, 5, 7
Let z(m) = -175*m - 23. Let w be z(-9). Suppose j = -7*j + w. List the prime factors of j.
2, 97
Suppose 7783*p - 7801*p + 224730 = 0. What are the prime factors of p?
5, 11, 227
Suppose -72*g = -g - 377336 - 54628. List the prime factors of g.
2, 3, 13
Suppose -3*t - 10 = -85. Suppose -t*i + 29*i - 436 = 0. Let d = 207 - i. List the prime factors of d.
2, 7
Let q(g) be the third derivative of g**5/60 - g**4/8 - g**3/2 - 594*g**2. Let a be (-4)/10 - 27/(-5). What are the prime factors of q(a)?
7
Let y = -1403 + 379. Let m = -634 - y. Suppose 5*i - 405 = m. List the prime factors of i.
3, 53
Let i(t) be the third derivative of -1/6*t**3 + 0 + 7/24*t**4 + 0*t + 14*t**2. What are the prime factors of i(9)?
2, 31
Let i be (1/(-1) - 4388) + (66 - 70). Let l = -2858 - i. List the prime factors of l.
5, 307
Suppose -24*v = -37 - 83. Suppose 2*n - 1203 = v*h, -n = 17*h - 18*h - 603. What are the prime factors of n?
2, 151
Let c be (1*(-10 - 0))/((-6)/156). Suppose -3*x + c - 80 = 0. What are the prime factors of 116/(-10)*x/(-24)?
29
Let q = 77998 - 41726. What are the prime factors of q?
2, 2267
Let x(v) = 695*v**2 + 668*v - 4741. List the prime factors of x(7).
2, 3, 5, 11, 103
Suppose 61*d - 973412 - 2704035 = -127186. What are the prime factors of d?
11, 13, 37
Suppose -15*f + 19 = -11. Suppose -4*p + 2*p - f*a = 1166, 5*p + 2905 = -3*a. Let d = -397 - p. List the prime factors of d.
181
List the prime factors of ((-121765)/(-14) - 5) + ((-18)/12)/(-1).
2, 3, 7, 23
Let t(k) = -k**3 - 6*k**2 + 5*k - 19. Let w be t(-7). Let y be 18/(-1) + 3 - 10/w. Let j(c) = -c**2 - 15*c + 25. List the prime factors of j(y).
3, 17
Let g be (12400/2)/(26/39). Suppose -46*r = -56*r + g. List the prime factors of r.
2, 3, 5, 31
Suppose -63*g + 5805 = 8635 - 71626. List the prime factors of g.
2, 3, 7, 13
Let y(s) = 1662*s**3 + 18*s**2 - 32*s - 16. List the prime factors of y(2).
2, 11, 151
Let i(k) = 16*k + 396. List the prime factors of i(-7).
2, 71
Suppose -v + 18 = 5*s, 4*v - 4*s + 7*s = 38. Suppose 72 = v*l - 2*l. Suppose 4*t = -3*k + 43 + l, 5*k = -5*t + 95. List the prime factors of k.
3, 7
Suppose 3*i - 12 = 6*m - 4*m, 4*i - 16 = 3*m. Suppose i*b = 5*b + 116. Let c = -77 - b. List the prime factors of c.
3, 13
Let p = 38570 + -12364. What are the prime factors of p?
2, 13103
Let g = 54 - 50. Suppose -2*d + 0 + 10 =